.
3
Suppose 10 = 3*h + 2*h. Suppose 2*p + 2*y = -6, 5*p - h*y = p + 18. Suppose p*j = -3*j + 250. Calculate the greatest common factor of j and 10.
10
Let k(f) = 2*f**2 + 4*f + 4. Let q be k(-6). Suppose j = -j - q. Let h be (1 - 1) + -2 - j. What is the greatest common factor of 16 and h?
8
Let d be 0 + (49 - (-2 - -2)). Let m be 2/(-23) - 8476/(-1196). Calculate the greatest common factor of d and m.
7
Let x = -41 + 61. Calculate the greatest common factor of 2 and x.
2
Let l(a) = -12*a - 21. Let g be l(-5). What is the greatest common factor of g and 52?
13
Let k = 29 + -17. Let c be (0/13)/(-1 + -1). Suppose c = -2*f - 12 + 60. Calculate the highest common factor of k and f.
12
Suppose 2 = c - 10. Let f(a) = a**2 + 4. Let j be f(3). Suppose -j = -3*n - 5*q + 13, -5*n - 5*q + 50 = 0. Calculate the highest common factor of n and c.
12
Let b be (-3 - -2)/((-1)/(-13)). Let x = 7 + b. Let k = x - -42. Calculate the greatest common factor of k and 12.
12
Suppose f - 4*n - 72 = 0, -4*n = 3*f + n - 165. Let z be f + 1 + 2 - -2. Suppose -a + 11 = -2. What is the greatest common divisor of a and z?
13
Let y = -14 + 26. Calculate the greatest common factor of y and 30.
6
Let k(c) = 8*c**2 - 1. Let d be k(-1). Let a(u) = -2*u**2 - 8*u + 11. Let s be a(-5). What is the highest common factor of s and d?
1
Let k(u) = -u**3 + u**2 + u + 6. Let o = -1 - -1. Let c be k(o). What is the highest common factor of 6 and c?
6
Suppose 2*g - w + 25 = 0, g - w - 59 = 6*g. Let d be 3/(5/((-40)/g)). Calculate the highest common factor of 4 and d.
2
Suppose -3*f + 2*f + 37 = 0. Calculate the greatest common divisor of 259 and f.
37
Let k = -1 - -9. Calculate the highest common factor of k and 16.
8
Suppose x + 2*n - 143 = 0, -5*n - 331 = 7*x - 9*x. What is the highest common factor of 17 and x?
17
Suppose -5*f = 318 - 798. Let v(h) = h - 6. Let r be v(0). Let q = r - -18. Calculate the highest common divisor of f and q.
12
Suppose -184 = -x - 3*x. Suppose 0 = m + m - x. Calculate the greatest common divisor of m and 253.
23
Suppose -6 = 5*q - 1. Let h be (-3 - q)/(4/(-20)). Calculate the highest common divisor of 30 and h.
10
Suppose 245 = 3*x + 47. What is the highest common factor of x and 33?
33
Suppose v = 2, -4*a + 0*v + 8 = 4*v. Let j be 4 - a*(-1)/3. What is the greatest common factor of j and 32?
4
Let f(y) = 13*y + 2. Let g be f(4). Suppose g - 21 = a. What is the greatest common factor of a and 3?
3
Suppose 2*s - 83 = 5. Let f(g) = -26*g + 6. Let w be f(-4). Calculate the highest common factor of w and s.
22
Let p(i) = i**3 + 2*i**2 + 3*i + 8. Let n be p(-2). What is the greatest common factor of n and 10?
2
Let d be 4/1 - (1 - 3). Suppose 32 = d*v - 2*v. Let s be (2 - 26)*(-14)/6. What is the greatest common divisor of v and s?
8
Let n(h) = -6*h - 5. Let s be n(-4). Suppose -3*d = 2*z + 2*z - s, -3*z - 2 = d. What is the greatest common divisor of 143 and d?
13
Suppose 201 = 4*y + 5*j, -5*y + 145 + 100 = 5*j. What is the greatest common factor of y and 22?
22
Let z(j) = j**3 + 1. Let t be z(2). Let k be (-3 - -6)*40/6. Let h = k + -2. What is the highest common factor of h and t?
9
Suppose 20 = -3*c - 4*i, 3*c - i - 1 - 4 = 0. Let d = 12 - c. Calculate the greatest common divisor of d and 24.
12
Let d = 96 + -33. Suppose -5*q + 10*q = 0. Suppose q*s = -s + 9. Calculate the highest common factor of d and s.
9
Let b(z) = -177*z + 1. Let n be b(1). Let h be (2/4)/((-2)/n). What is the greatest common divisor of 11 and h?
11
Suppose 17*t - 160 = 9*t. What is the highest common divisor of t and 30?
10
Suppose -6*z + 5 = -11*z. Let i be 13 - (-3 - 0 - z). Let a = -73 - -88. Calculate the highest common factor of i and a.
15
Let y = 69 - 44. Suppose 3*j + 100 = 4*b - 2*j, -2*j - y = -b. Calculate the highest common divisor of 5 and b.
5
Let k = -8 + 8. Suppose k = l - 3*l + 6. Let v be (-1)/l - 39/(-9). Calculate the highest common divisor of v and 2.
2
Let b be (-2 - (2 - 2))/(1/(-16)). What is the greatest common divisor of b and 4?
4
Let o(i) = i**3 + 5*i**2 - i. Let g be o(-4). Suppose 34 = x - 16. What is the highest common factor of g and x?
10
Let g(a) = a**2 - 10*a + 10 + a**2 - a**2. Let z be g(8). Let j be ((-7)/2 - -2)*z. Calculate the greatest common factor of 6 and j.
3
Suppose 1 - 7 = -2*c. Suppose 0 = -y - c*y + 24. Suppose 2*i - i + 4*v = 54, 0 = 2*v. What is the highest common factor of i and y?
6
Suppose u = -d + 3*d + 35, -130 = -5*u + d. What is the greatest common factor of 225 and u?
25
Suppose -2*y - 3*d + 144 = 0, -4*d - d = 0. Let k be (-350)/(-45) + 4/18. What is the highest common factor of k and y?
8
Suppose -2*w + 18 = -0*w. Let j be (2 - (2 - 1))*w. What is the greatest common divisor of 63 and j?
9
Suppose 0 = -5*f + 17 + 33. What is the highest common divisor of f and 4?
2
Let g(b) = 2*b - 2. Let f be g(4). Suppose -2 = -f*x + 4*x. Suppose -2*w - x + 7 = 0. What is the highest common factor of 1 and w?
1
Let s(y) be the second derivative of -y**3/3 - y**2/2 - 2*y. Let z be s(-6). What is the highest common divisor of z and 44?
11
Suppose -2 = 4*c + 2*l, 3*c + 4*l - 18 = 6*c. Let o(n) = 10*n**2 - 4*n - 3. Let j be o(c). What is the greatest common divisor of 9 and j?
9
Let m = 30 - 9. Let u(k) = 148*k**2 - 3*k + 1. Let a(y) = y. Let d(i) = 5*a(i) + u(i). Let j be d(-1). What is the highest common factor of j and m?
21
Let y be ((-48)/10)/(12/(-30)). Calculate the greatest common divisor of y and 60.
12
Suppose 0 = -4*m + 25 + 35. Let t(g) = -g**2 - g. Let r be t(-2). Let x be r/7 - (-5052)/42. Calculate the highest common divisor of x and m.
15
Suppose 0 = 4*w - 4*n - 980, 5*w - 5*n - 253 = 4*w. What is the greatest common divisor of 9 and w?
9
Suppose -4*f = -2*f + 30. Let p = f - -23. What is the highest common divisor of 32 and p?
8
Let a be (-172)/(-14) + 2/(-7). What is the highest common factor of a and 4?
4
Let p be (-2)/(-6) - (1 - (-128)/(-12)). Calculate the highest common factor of p and 40.
10
Let p = 2 - -2. Suppose -2*w - 4*n - 18 = 0, -p*w = -5*n + 3*n + 16. Let j = w + 8. Calculate the greatest common divisor of 12 and j.
3
Suppose -5*k + 2*t + 771 = 0, 0 = -k + 2*t + 81 + 70. Let a = k + -83. What is the greatest common factor of 8 and a?
8
Suppose 0 = 5*m - p + 2*p - 26, m = 2*p + 3. Let t(w) = 3*w**2 + 2*w + 3. Let d be t(m). What is the highest common factor of 11 and d?
11
Let u = 3 + 2. Let x = u - 1. Suppose 4*t - 20 = x*a, -4*t + 19 = -0*t - 5*a. Calculate the highest common factor of t and 6.
6
Suppose -5*j + 6*j = -3*c + 12, -2*c = -3*j + 3. Suppose 5 = n + 4*n. Suppose 0 = -h + 2 + n. What is the highest common divisor of c and h?
3
Let s = -2 + 3. Let r be (1 + -4)*(-2 + s). Suppose 2*p - 16 = -4*m, 2*p - r*m = -3*p + 105. Calculate the highest common divisor of 144 and p.
18
Suppose 9*q - 49 - 59 = 0. What is the highest common factor of q and 12?
12
Suppose -5*n + 44 = z, -z + 50 = n + 10. Calculate the greatest common divisor of 117 and z.
39
Let x be (2/(-3))/(4/24). Let j be (-1)/(x + 4 + -1). What is the greatest common factor of j and 3?
1
Let y be (2 + -12)*(-4)/10. Suppose 2*r + 2*n = r + 172, 0 = 2*n + y. Let w be (-4)/(-1*1/4). What is the greatest common divisor of r and w?
16
Let s(r) = r**3 - 13*r**2 + r + 11. Let j be s(13). Suppose 3*l - 28 + 4 = 0. What is the greatest common divisor of l and j?
8
Let f be (-5)/((-25)/(-20)) + 53. What is the greatest common factor of 14 and f?
7
Let p = 138 + -98. What is the highest common divisor of p and 8?
8
Let i be 1/(-1)*(1 - 2). Suppose 4*j = 19 + 1. Suppose 8 = j*x - 7. Calculate the greatest common factor of x and i.
1
Suppose -f + 12 = -0*f. What is the greatest common divisor of 36 and f?
12
Suppose t + t = 428. Let b be 1/2*t - -1. What is the greatest common divisor of 12 and b?
12
Let o be 4*((-3)/(-4) + 0). What is the highest common factor of 6 and o?
3
Let f(h) = -9*h**3 - 7*h - 5. Let l be f(-2). What is the greatest common divisor of l and 27?
27
Suppose -6*m + 343 - 19 = 0. What is the greatest common divisor of m and 6?
6
Let x = 8 + -4. Suppose -n = x*n. Suppose 4*w = 3*o - 24, o - 2*w - 8 = -n*o. Calculate the greatest common factor of 24 and o.
8
Suppose 2*g = -0*g + 240. Suppose 3*m - 41 = 4. What is the greatest common facto